6348?
6
What is the units digit of 268967?
7
What is the tens digit of 2481938?
3
What is the thousands digit of 267947?
7
What is the tens digit of 796335?
3
What is the thousands digit of 828898?
8
What is the thousands digit of 4853241?
3
What is the ten millions digit of 32622002?
3
What is the hundred thousands digit of 464629?
4
What is the ten thousands digit of 8300222?
0
What is the thousands digit of 2508828?
8
What is the tens digit of 838110?
1
What is the millions digit of 3500678?
3
What is the ten thousands digit of 1969056?
6
What is the hundred thousands digit of 6797742?
7
What is the hundreds digit of 271109?
1
What is the hundred thousands digit of 193083?
1
What is the millions digit of 4445338?
4
What is the units digit of 4541261?
1
What is the hundred thousands digit of 398590?
3
What is the ten thousands digit of 3122679?
2
What is the units digit of 1058013?
3
What is the ten millions digit of 11033069?
1
What is the tens digit of 2527897?
9
What is the hundreds digit of 304059?
0
What is the ten thousands digit of 364322?
6
What is the thousands digit of 1032816?
2
What is the hundred thousands digit of 971568?
9
What is the tens digit of 261876?
7
What is the hundreds digit of 67636?
6
What is the hundred thousands digit of 8912758?
9
What is the thousands digit of 6917013?
7
What is the thousands digit of 2409182?
9
What is the ten thousands digit of 443553?
4
What is the units digit of 4897858?
8
What is the tens digit of 561198?
9
What is the hundreds digit of 419369?
3
What is the ten thousands digit of 466275?
6
What is the thousands digit of 35043?
5
What is the ten thousands digit of 390966?
9
What is the hundred thousands digit of 4301303?
3
What is the ten thousands digit of 684293?
8
What is the ten thousands digit of 417666?
1
What is the units digit of 4271523?
3
What is the millions digit of 5050496?
5
What is the units digit of 13582500?
0
What is the hundreds digit of 301616?
6
What is the millions digit of 6494509?
6
What is the tens digit of 2773?
7
What is the ten thousands digit of 4340137?
4
What is the thousands digit of 368200?
8
What is the thousands digit of 4075985?
5
What is the thousands digit of 8713068?
3
What is the millions digit of 39312680?
9
What is the millions digit of 1753079?
1
What is the thousands digit of 1357196?
7
What is the tens digit of 1631353?
5
What is the hundreds digit of 31697805?
8
What is the ten thousands digit of 14378827?
7
What is the hundreds digit of 516232?
2
What is the hundred thousands digit of 3843618?
8
What is the hundreds digit of 7639354?
3
What is the units digit of 6844760?
0
What is the units digit of 10078304?
4
What is the thousands digit of 352698?
2
What is the thousands digit of 4280194?
0
What is the hundred thousands digit of 2492663?
4
What is the units digit of 201251?
1
What is the ten thousands digit of 108052?
0
What is the units digit of 4450737?
7
What is the hundred thousands digit of 400466?
4
What is the millions digit of 1961606?
1
What is the tens digit of 587882?
8
What is the tens digit of 51172?
7
What is the ten thousands digit of 1191323?
9
What is the ten millions digit of 11247572?
1
What is the hundreds digit of 32678?
6
What is the hundred thousands digit of 146256?
1
What is the thousands digit of 58522?
8
What is the hundred thousands digit of 1009348?
0
What is the units digit of 10196800?
0
What is the thousands digit of 236613?
6
What is the hundred thousands digit of 19532328?
5
What is the ten thousands digit of 412410?
1
What is the hundred thousands digit of 1895912?
8
What is the hundred thousands digit of 4458707?
4
What is the units digit of 6126602?
2
What is the thousands digit of 1218561?
8
What is the hundred thousands digit of 5146778?
1
What is the tens digit of 1700174?
7
What is the thousands digit of 1261481?
1
What is the units digit of 14168291?
1
What is the ten millions digit of 17173454?
1
What is the hundred thousands digit of 9513407?
5
What is the ten thousands digit of 463788?
6
What is the units digit of 191213?
3
What is the hundred thousands digit of 424528?
4
What is the hundred thousands digit of 968937?
9
What is the hundreds digit of 879242?
2
What is the hundreds digit of 11335583?
5
What is the tens digit of 148511?
1
What is the tens digit of 10627531?
3
What is the tens digit of 377144?
4
What is the units digit of 3856913?
3
What is the hundreds digit of 36059?
0
What is the tens digit of 6157598?
9
What is the hundred thousands digit of 18892668?
8
What is the hundred thousands digit of 1457738?
4
What is the thousands digit of 3378231?
8
What is the thousands digit of 4597809?
7
What is the hundred thousands digit of 461107?
4
What is the units digit of 22506223?
3
What is the hundreds digit of 765211?
2
What is the tens digit of 2882133?
3
What is the hundred thousands digit of 801976?
8
What is the hundreds digit of 1061406?
4
What is the millions digit of 24949815?
4
What is the hundred thousands digit of 2498340?
4
What is the units digit of 252900?
0
What is the millions digit of 21769833?
1
What is the units digit of 189850?
0
What is the tens digit of 8353628?
2
What is the units digit of 10385059?
9
What is the tens digit of 25601950?
5
What is the hundreds digit of 46606?
6
What is the units digit of 1962979?
9
What is the hundreds digit of 379779?
7
What is the millions digit of 4058812?
4
What is the thousands digit of 274719?
4
What is the units digit of 17653244?
4
What is the hundred thousands digit of 28917464?
9
What is the hundred thousands digit of 1411379?
4
What is the hundreds digit of 5328135?
1
What is the thousands digit of 10930715?
0
What is the ten thousands digit of 515728?
1
What is the hundreds digit of 9719114?
1
What is the ten thousands digit of 27279090?
7
What is the tens digit of 3761993?
9
What is the units digit of 3171725?
5
What is the tens digit of 8418771?
7
What is the thousands digit of 5418665?
8
What is the hundred thousands digit of 389440?
3
What is the ten thousands digit of 982026?
8
What is the ten millions digit of 33728140?
3
What is the hundreds digit of 276931?
9
What is the ten thousands digit of 251980?
5
What is the hundreds digit of 5963670?
6
What is the tens digit of 582789?
8
What is the ten millions digit of 18028452?
1
What is the millions digit of 3514174?
3
What is the hundred thousands digit of 873100?
8
What is the units digit of 258559?
9
What is the ten thousands digit of 629821?
2
What is the tens digit of 735464?
6
What is the hundreds digit of 2723746?
7
What is the units digit of 507157?
7
What is the ten thousands digit of 534774?
3
What is the units digit of 717296?
6
What is the hundred thousands digit of 267420?
2
What is the hundred thousands digit of 4838008?
8
What is the hundreds digit of 323367?
3
What is the units digit of 205179?
9
What is the millions digit of 5368078?
5
What is the hundreds digit of 2457220?
2
What is the hundred thousands digit of 140001?
1
What is the units digit of 16424732?
2
What is the hundreds digit of 4710954?
9
What is the units digit of 437259?
9
What is the tens digit of 65902?
0
What is the ten thousands digit of 363527?
6
What is the units digit of 20638647?
7
What is the thousands digit of 10580875?
0
What is the tens digit of 358768?
6
What is the tens digit of 927201?
0
What is the thousands digit of 250823?
0
What is the millions digit of 2280795?
2
What is the tens digit of 787053?
5
What is the tens digit of 359182?
8
What is the hundreds digit of 170027?
0
What is the thousands digit of 271214?
1
What is the tens digit of 27111153?
5
What is the millions digit of 3087082?
3
What is the tens digit of 23776?
7
What is the units digit of 2327296?
6
What is the millions digit of 18521560?
8
What is the tens digit of 30433?
3
What is the ten thousands digit of 246337?
4
What is the units digit of 4257266?
6
What is the ten thousands digit of 2941458?
4
What is the thousands digit of 298052?
8
What is the hundred thousands digit of 325054?
3
What is the units digit of 15053501?
1
What is the units digit of 9993?
3
What is the millions digit of 1119975?
1
What is the hundreds digit of 1419306?
3
What is the units digit of 2993586?
6
What is the hundreds d